se 2, what is 10 + 11001100001001?
11001100001011
In base 15, what is -3d5c2 + 8?
-3d5b9
In base 2, what is 100 + -1000000000100111?
-1000000000100011
In base 13, what is -1b5 - 13a?
-322
In base 7, what is -1 - -43163?
43162
In base 7, what is 1325526 - -3?
1325532
In base 12, what is -4 + 2439a?
24396
In base 11, what is 88 - 4422?
-4345
In base 8, what is 22742 - 123?
22617
In base 11, what is 2 + -131328?
-131326
In base 10, what is 8374 + 20?
8394
In base 12, what is -1aa7 + 40?
-1a67
In base 13, what is a + -200?
-1c3
In base 3, what is 2111201 - 112?
2111012
In base 11, what is 5283 + -187?
50a7
In base 9, what is -848447 + 1?
-848446
In base 2, what is -101100101 - -1001101011?
100000110
In base 9, what is -322888 + -2?
-323001
In base 3, what is 2012 - 10012?
-1000
In base 13, what is -3bc4 + 5?
-3bbc
In base 7, what is -263453 + 32?
-263421
In base 16, what is -38 + -1308?
-1340
In base 9, what is -10 - -128027?
128017
In base 11, what is -62 - -293?
231
In base 7, what is 22403 - 41?
22332
In base 4, what is 13001 - 10202?
2133
In base 3, what is -1101112112 + 20200?
-1101021212
In base 4, what is -221 - -2321?
2100
In base 4, what is 213 + -10233322?
-10233103
In base 15, what is 12 - 329?
-317
In base 13, what is -188 + -28?
-1b3
In base 5, what is -3 + -2403121?
-2403124
In base 8, what is -2 + 60436?
60434
In base 11, what is 2441 - 24?
2418
In base 12, what is 78 + -a3?
-27
In base 8, what is -4 + -1242462?
-1242466
In base 8, what is -1 - 717473?
-717474
In base 6, what is -2 + 111420?
111414
In base 5, what is -143404 - -23?
-143331
In base 14, what is a31 - 2b2?
75d
In base 7, what is 2 + -2402223?
-2402221
In base 8, what is 64 - -42751?
43035
In base 4, what is 130022 - -100232?
230320
In base 14, what is 8a - 4d9?
-44d
In base 9, what is 51 - 652?
-601
In base 13, what is -c + -135c1?
-13600
In base 12, what is -1373828 - -5?
-1373823
In base 13, what is 4 - -1c6c5?
1c6c9
In base 7, what is -400004 + -2?
-400006
In base 16, what is 605b - -1d?
6078
In base 12, what is 59 + -5854?
-57b7
In base 7, what is -360516 - 2?
-360521
In base 8, what is -1 - 4356?
-4357
In base 7, what is 335231 + 33?
335264
In base 16, what is 13 - -783?
796
In base 11, what is 5 - 7a0a1?
-7a097
In base 16, what is -1fc + 1dd?
-1f
In base 10, what is 13 + -943?
-930
In base 8, what is -252 + 205?
-45
In base 10, what is -31 + -3821?
-3852
In base 12, what is 43a - 2b27?
-26a9
In base 10, what is 3209 + 133?
3342
In base 10, what is 13 + -10816?
-10803
In base 12, what is 9 + -66a2?
-6695
In base 9, what is 2 - -126308?
126311
In base 12, what is -2a35 - -15?
-2a20
In base 11, what is -4 + 212322?
212319
In base 4, what is 11 + -1203210?
-1203133
In base 12, what is 1015 - -3?
1018
In base 14, what is 6 + -598?
-592
In base 6, what is 0 - 455?
-455
In base 16, what is -3d - -106?
c9
In base 16, what is 4 + -4b6?
-4b2
In base 2, what is -111000111001110011110 + -11?
-111000111001110100001
In base 14, what is -3a3d - -4?
-3a39
In base 14, what is -24 - 1208?
-122c
In base 3, what is -11 - 100121200?
-100121211
In base 9, what is 14 - -407?
422
In base 12, what is 6433 - -36?
6469
In base 7, what is -20123 - 1236?
-21362
In base 6, what is 121401 + -5?
121352
In base 9, what is -11464 + -11?
-11475
In base 7, what is 166364 - -10?
166404
In base 11, what is 4 - 1a6489?
-1a6485
In base 15, what is 4 - 38d3?
-38ce
In base 5, what is 33341042 + 0?
33341042
In base 16, what is -94e + 1e?
-930
In base 6, what is 40 - 23015?
-22535
In base 14, what is 5d + -cbd5?
-cb76
In base 12, what is -a + -3580?
-358a
In base 12, what is -6 + 3b?
35
In base 3, what is 2120 - 2220000210?
-2212221020
In base 10, what is -150 - 3242?
-3392
In base 15, what is -3e4 + 1?
-3e3
In base 9, what is 823133 - 4?
823128
In base 3, what is 102222212102 - 101?
102222212001
In base 11, what is 56250 + 24?
56274
In base 16, what is 1 + -18e9?
-18e8
In base 5, what is -4 + -44043?
-44102
In base 10, what is 65 + 4074?
4139
In base 16, what is -324f9 - -2?
-324f7
In base 6, what is -3504 + 3302?
-202
In base 13, what is -732c - 3?
-7332
In base 11, what is -56690 + 5?
-56686
In base 4, what is 1 + -3001320?
-3001313
In base 6, what is -30341 - -34?
-30303
In base 4, what is 10 + -2020110?
-2020100
In base 16, what is -1ce + -174?
-342
In base 12, what is a4732 - 2?
a4730
In base 5, what is -332 + -10410010?
-10410342
In base 10, what is 2 - -473918?
473920
In base 6, what is -1 + -11402011?
-11402012
In base 5, what is 10 - 40140144?
-40140134
In base 12, what is -4 + 31320?
31318
In base 13, what is -2 - 102b1?
-102b3
In base 5, what is -1 + -140013031?
-140013032
In base 6, what is 4 - -34122252?
34122300
In base 6, what is 1 - -315504?
315505
In base 15, what is 0 - -d82e?
d82e
In base 14, what is ad27 + -4?
ad23
In base 12, what is -a0289 - -2?
-a0287
In base 5, what is 30010142 + 4?
30010201
In base 7, what is 33532 - 32?
33500
In base 3, what is 1101012011220 + -10?
1101012011210
In base 10, what is 102394 - 5?
102389
In base 2, what is 11110000111011000100 - -101?
11110000111011001001
In base 11, what is 0 - 14923?
-14923
In base 4, what is 20 - -11200333?
11201013
In base 14, what is -3916 - -b?
-3909
In base 4, what is 1231233 - -11?
1231310
In base 10, what is -88660 - 3?
-88663
In base 14, what is -1 + 3160?
315d
In base 14, what is -832 + 1c?
-814
In base 6, what is 0 - 4022320?
-4022320
In base 11, what is 4aa - 103?
3a7
In base 12, what is 3 - 136b8?
-136b5
In base 12, what is 5 - -46865b?
468664
In base 11, what is 641483 - -4?
641487
In base 2, what is -1010001110 + -10101001?
-1100110111
In base 9, what is -1672 + -1442?
-3224
In base 12, what is 8 - -4394?
43a0
In base 8, what is -25335 - 60?
-25415
In base 13, what is 6a - -15b7?
1654
In base 9, what is -7308 - -1234?
-6064
In base 9, what is -214 + 24527?
24313
In base 11, what is 4492 + -7?
4486
In base 16, what is -2 + 16f4?
16f2
In base 2, what is 10000000100100100 - -10?
10000000100100110
In base 9, what is 75 + -617?
-532
In base 14, what is 472 - 2?
470
In base 8, what is -53 + 11?
-42
In base 10, what is -589 - -1969?
1380
In base 2, what is -100010010110111 - -111?
-100010010110000
In base 8, what is 63131 + 26?
63157
In base 16, what is 6 - -839?
83f
In base 5, what is -3422212 - 104?
-3422321
In base 14, what is -a84 + -63?
-b07
In base 7, what is -33 + 413?
350
In base 2, what is -100011000100101 - 100?
-100011000101001
In base 11, what is 134 - -323?
457
In base 7, what is -2253353 + -10?
-2253363
In base 8, what is 105627 - 6?
105621
In base 3, what is 0 + 10202010210?
10202010210
In base 10, what is 1251276 - 0?
1251276
In base 13, what is 0 - -7b23?
7b23
In base 5, what is -310 - 1010?
-1320
In base 5, what is 132400 + -1010?
131340
In base 8, what is -11 + -21736?
-21747
In base 13, what is 1a932 - -2?
1a934
In base 3, what is -100 + 110122011120?
110122011020
In base 7, what is 4046 + 66?
4145
In base 2, what is 101111110 - 11110001?
10001101
In base 7, what is 523453 - 33?
523420
In base 12, what is 39 - 70?
-33
In base 16, what is 86 + cdf?
d65
In base 2, what is 10 + -111011101110100?
-111011101110010
In base 16, what is -5 - -68bbd?
68bb8
In base 13, what is -188a0 - -4?
-18899
In base 13, what is c593 - -5?
c598
In base 8, what is 6232123 - 0?
6232123
In base 11, what is 81623 - -2?
81625
In base 16, what is 1845c - 1?
1845b
In base 4, what is 1 + 33022130?
33022131
In base 10, what is 5 - -20091?
20096
In base 6, what is 5 - -30255?
30304
In base 9, what is 7 + 16628?
16636
In base 12, what is -a + 10b7b?
10b71
In base 4, what is -10020 - 21211?
-31231
In base 11, what is -5 + 4a65?
4a60
In base 2, what is -100 - 1011101010011010?
-1011101010011110
In base 16, what is b76a - 12?
b758
In base 11, what is 16 - -38626?
38641
In base 2, what is 1110010011100000001 - 100?
1110010011011111101
In base 4, what is 21 - -1133013?
1133100
In base 11, what is -16 + -3189?
-31a4
In base 4, what is 11303120 + -11?
11303103
In base 13, what is -4a8 + 40?
-468
In base 12, what is 77993 + 4?
77997
In base 7, what is -12 + 3565?
3553
In base 2, what is 110 - 1100010101000010?
-1100010100111100
In base 16, what is 152a4 - 4?
152a0
In base 8, what is -6617 + -24?
-6643
In base 15, what is -2e441 - 28?
-2e469
